ions digit of 12389435?
2
What is the tens digit of 2354047?
4
What is the tens digit of 204206?
0
What is the ten thousands digit of 5738689?
3
What is the units digit of 1772260?
0
What is the millions digit of 1607836?
1
What is the millions digit of 3135872?
3
What is the hundred thousands digit of 883151?
8
What is the ten thousands digit of 330036?
3
What is the ten thousands digit of 23169154?
6
What is the hundreds digit of 8305613?
6
What is the hundred thousands digit of 6216078?
2
What is the millions digit of 8841850?
8
What is the tens digit of 158244?
4
What is the tens digit of 307012?
1
What is the units digit of 389448?
8
What is the thousands digit of 8506031?
6
What is the thousands digit of 665413?
5
What is the units digit of 48040?
0
What is the ten thousands digit of 2434949?
3
What is the tens digit of 1255388?
8
What is the ten thousands digit of 724436?
2
What is the units digit of 93745?
5
What is the hundred thousands digit of 16493969?
4
What is the ten thousands digit of 709412?
0
What is the units digit of 6647590?
0
What is the ten thousands digit of 301731?
0
What is the ten thousands digit of 602911?
0
What is the ten thousands digit of 1348258?
4
What is the thousands digit of 1284508?
4
What is the hundred thousands digit of 412620?
4
What is the thousands digit of 9146862?
6
What is the hundred thousands digit of 279517?
2
What is the thousands digit of 1752837?
2
What is the ten millions digit of 14201302?
1
What is the units digit of 503526?
6
What is the tens digit of 119950?
5
What is the units digit of 173399?
9
What is the tens digit of 26775464?
6
What is the millions digit of 6308090?
6
What is the thousands digit of 91202?
1
What is the hundreds digit of 132218?
2
What is the thousands digit of 331114?
1
What is the thousands digit of 7871834?
1
What is the millions digit of 1404316?
1
What is the tens digit of 2640820?
2
What is the thousands digit of 284968?
4
What is the units digit of 14314191?
1
What is the hundreds digit of 1651155?
1
What is the hundreds digit of 2001069?
0
What is the ten thousands digit of 463262?
6
What is the units digit of 12432293?
3
What is the thousands digit of 3088150?
8
What is the units digit of 11960831?
1
What is the units digit of 23144936?
6
What is the thousands digit of 133447?
3
What is the hundreds digit of 12854783?
7
What is the units digit of 13654638?
8
What is the hundred thousands digit of 161432?
1
What is the units digit of 738538?
8
What is the units digit of 998218?
8
What is the units digit of 14196720?
0
What is the ten thousands digit of 453829?
5
What is the hundred thousands digit of 1116021?
1
What is the tens digit of 4751188?
8
What is the units digit of 68661?
1
What is the millions digit of 4182676?
4
What is the units digit of 1890189?
9
What is the hundred thousands digit of 663105?
6
What is the tens digit of 3417033?
3
What is the hundred thousands digit of 2658652?
6
What is the units digit of 37861?
1
What is the tens digit of 450543?
4
What is the units digit of 367668?
8
What is the thousands digit of 163146?
3
What is the tens digit of 207431?
3
What is the tens digit of 140570?
7
What is the millions digit of 10525772?
0
What is the millions digit of 6466113?
6
What is the ten thousands digit of 3769554?
6
What is the ten thousands digit of 2813958?
1
What is the hundreds digit of 8125503?
5
What is the units digit of 1126166?
6
What is the millions digit of 4319760?
4
What is the hundred thousands digit of 624816?
6
What is the ten thousands digit of 82351?
8
What is the tens digit of 337642?
4
What is the hundred thousands digit of 2140006?
1
What is the hundreds digit of 1447349?
3
What is the hundreds digit of 7339086?
0
What is the units digit of 3260927?
7
What is the tens digit of 262261?
6
What is the ten thousands digit of 26095?
2
What is the ten thousands digit of 4591977?
9
What is the ten thousands digit of 754199?
5
What is the thousands digit of 528225?
8
What is the hundreds digit of 1440514?
5
What is the ten thousands digit of 533098?
3
What is the units digit of 27321?
1
What is the thousands digit of 11601382?
1
What is the hundreds digit of 301948?
9
What is the units digit of 342245?
5
What is the hundreds digit of 4772776?
7
What is the units digit of 13823311?
1
What is the hundreds digit of 16025454?
4
What is the hundreds digit of 244181?
1
What is the hundreds digit of 1053713?
7
What is the hundreds digit of 409760?
7
What is the millions digit of 1420778?
1
What is the hundreds digit of 22143377?
3
What is the tens digit of 349997?
9
What is the tens digit of 2263852?
5
What is the units digit of 535936?
6
What is the millions digit of 3321772?
3
What is the hundred thousands digit of 2433921?
4
What is the units digit of 6162114?
4
What is the tens digit of 47045?
4
What is the ten thousands digit of 75739?
7
What is the thousands digit of 60260?
0
What is the thousands digit of 99982?
9
What is the ten thousands digit of 2163564?
6
What is the thousands digit of 1106661?
6
What is the units digit of 3309902?
2
What is the thousands digit of 261353?
1
What is the hundred thousands digit of 877141?
8
What is the units digit of 2718627?
7
What is the hundreds digit of 17082419?
4
What is the units digit of 351574?
4
What is the ten thousands digit of 1076931?
7
What is the units digit of 13412981?
1
What is the hundred thousands digit of 391469?
3
What is the hundreds digit of 769332?
3
What is the millions digit of 1040341?
1
What is the ten thousands digit of 487790?
8
What is the millions digit of 9398650?
9
What is the thousands digit of 964781?
4
What is the ten thousands digit of 378253?
7
What is the ten thousands digit of 193906?
9
What is the units digit of 528819?
9
What is the tens digit of 16654?
5
What is the hundreds digit of 650160?
1
What is the thousands digit of 4976?
4
What is the units digit of 1477816?
6
What is the hundreds digit of 2022041?
0
What is the ten thousands digit of 1039050?
3
What is the hundreds digit of 183565?
5
What is the hundreds digit of 218435?
4
What is the ten thousands digit of 77175?
7
What is the ten thousands digit of 365303?
6
What is the units digit of 11183855?
5
What is the tens digit of 17310390?
9
What is the thousands digit of 7429675?
9
What is the tens digit of 3872115?
1
What is the ten thousands digit of 479583?
7
What is the hundred thousands digit of 567981?
5
What is the ten millions digit of 10168849?
1
What is the millions digit of 13725112?
3
What is the hundreds digit of 1801306?
3
What is the ten thousands digit of 1532282?
3
What is the hundred thousands digit of 2192251?
1
What is the millions digit of 17656577?
7
What is the tens digit of 1039137?
3
What is the hundreds digit of 3882599?
5
What is the ten millions digit of 12552038?
1
What is the thousands digit of 162749?
2
What is the units digit of 378261?
1
What is the tens digit of 313456?
5
What is the millions digit of 1414707?
1
What is the ten thousands digit of 100389?
0
What is the ten thousands digit of 833126?
3
What is the tens digit of 3009685?
8
What is the units digit of 623906?
6
What is the ten thousands digit of 1068390?
6
What is the thousands digit of 64880?
4
What is the thousands digit of 4463801?
3
What is the hundreds digit of 740404?
4
What is the hundreds digit of 22666?
6
What is the units digit of 8223518?
8
What is the thousands digit of 7188429?
8
What is the hundreds digit of 315830?
8
What is the units digit of 149483?
3
What is the thousands digit of 22694?
2
What is the tens digit of 1243738?
3
What is the hundreds digit of 10904?
9
What is the thousands digit of 1124582?
4
What is the hundred thousands digit of 1095402?
0
What is the units digit of 14768271?
1
What is the units digit of 243202?
2
What is the hundred thousands digit of 308201?
3
What is the thousands digit of 2009663?
9
What is the units digit of 6246120?
0
What is the units digit of 718085?
5
What is the units digit of 33362?
2
What is the thousands digit of 5379619?
9
What is the thousands digit of 96626?
6
What is the units digit of 787930?
0
What is the hundred thousands digit of 8740272?
7
What is the hundreds digit of 7732577?
5
What is the hundreds digit of 309622?